 g - 14. Let q(z) = -9*z**2 - 2*z - 3. Calculate q(a).
-35
Let z(s) = 36*s**2 + 13*s + 10. Let p(w) = -51*w**2 - 19*w - 15. Let g(c) = 5*p(c) + 7*z(c). What is g(-5)?
-60
Let w(i) = -2868*i + 14344. Let m be w(5). Let g(b) be the second derivative of b**4/12 - 5*b**3/6 + b**2/2 - b. Determine g(m).
-3
Let k(o) = -2*o**2 - 8 - 18 + 1 + 2 - 7*o + 5*o. Give k(0).
-23
Let a be (2 - 0/(-3)) + -1. Let d(u) be the second derivative of 2*u**4/3 + u**2/2 - 4527*u. What is d(a)?
9
Let y(d) = 33*d - 329. Let o(s) = 17*s - 174. Let j(q) = -11*o(q) + 6*y(q). Determine j(6).
6
Let q(x) = 8*x + 3. Let h be (18/(-4) - -6)*(21 + -1). Let f be (18/(-15))/((-9)/h). Let a be 3*-2 - (f - 8). Give q(a).
-13
Let n(w) be the second derivative of 1/2*w**2 - 33*w + 2 + 4/3*w**3. What is n(1)?
9
Let x(p) = p**3 + p**2 - 3*p + 3. Suppose -s - 4 = -2*k, -18 = 4*s - s - 4*k. Let i be 5/2*(32/s - -2). Calculate x(i).
-6
Let p = 2533 + -2529. Let l(i) = -6*i + 15. What is l(p)?
-9
Let o be -2 + -6 - (-46 - -31). Let r(a) = 2*a**2 - 4*a - 16. Determine r(o).
54
Let q(s) be the second derivative of 1/12*s**4 + 4*s + 3/2*s**2 - 17 + s**3. Give q(-4).
-5
Suppose 4*m - g - 36 = 0, 2*g + 42 = -0*m + 5*m. Let p(f) = -2*f - 23. Let n(y) = -4*y - 4. Let a(o) = -n(o) + p(o). Give a(m).
1
Let c(j) = 10*j**2 + 2*j - 3. Suppose 0 = 3*p + 3*n + 21, 2*p - 8*n + 4*n - 10 = 0. Give c(p).
81
Let d(a) = 2*a**2 - 43*a - 3. Suppose 5*j - 55 = -65, 5*z = -3*j + 94. Calculate d(z).
-63
Let u(f) = 5*f**3 + f**2 - 7*f + 18. Let r(l) = l**3 - l**2 - l + 2. Let w(q) = 6*r(q) - u(q). Give w(5).
-51
Let y(f) = -f + 10. Let g(s) = -s**3 - 8*s**2 - 6*s + 8. Let a be g(-7). Suppose -i = -a, -2 - 12 = -3*h + i. Determine y(h).
5
Let j(y) = y - 2. Suppose 3*r + 270 = -5*t, -3*r + 3*t - 2*t - 270 = 0. Suppose -19*z + 12*z + 665 = 0. Let n = r + z. Determine j(n).
3
Let u(s) = -4*s - 31. Suppose -87 = 28*p + 164 - 167. Determine u(p).
-19
Let u(j) = -3*j - 5. Suppose -t + 4*i + 5 = 0, 6*i - 20 = -4*t + 10*i. Let c(z) = -z - 1. Let k(r) = t*c(r) - u(r). Calculate k(-1).
2
Suppose 2*v = 4*w - 14 - 6, -2*w - 3*v + 2 = 0. Let s(d) be the first derivative of -2*d**2 + 3*d + 296. Calculate s(w).
-13
Suppose 37*g - 739 = 1111. Let m be (32/20)/(g/(-125)). Let a(i) = 5 - 3*i - i**2 - 2*i + 4*i. Calculate a(m).
-7
Let i(r) = -6*r - 8466*r**2 + 2*r + 8467*r**2 - 10. Give i(4).
-10
Let o(h) = 8*h**3 + 4*h**2 - 2*h + 4. Let g(u) = 7*u**3 + 4*u**2 - 2*u + 3. Suppose 0 = -19*t + 4*t + 105. Let q(z) = t*g(z) - 6*o(z). Determine q(-4).
5
Let p(o) = -15*o - 216. Let k be (283 + -290)/(2/4). Determine p(k).
-6
Let l(n) = 882*n**2 + 26*n - 15. Let c(z) = 475*z**2 + 14*z - 7. Let b(a) = 13*c(a) - 7*l(a). Let w(j) = j + 1. Let v be w(-1). Give b(v).
14
Let g(s) = 2 - 234720*s**3 + 4*s**2 + 234714*s**3 - 5*s**2. What is g(-1)?
7
Let i(w) = 4*w + 38. Suppose 0*d = -5*d - 40. Let o be i(d). Let q(y) = y**2 + 6*y**2 - y**3 + o - y**2. Determine q(6).
6
Let n(c) = -10*c - 8. Suppose 0 = 25*d - 9*d - 114 + 178. Calculate n(d).
32
Let q(s) = s**3 - 10*s**2 + 17*s - 10. Let j = 11 - 217. Let r = -198 - j. What is q(r)?
-2
Suppose -10*x + 36 = 6. Suppose -x*v - 10*v = 0. Let q(i) = i**3 + i + 18. Give q(v).
18
Let h(g) be the second derivative of g**5/20 + g**4/2 - g**3/6 + g**2 + 229*g. Let k = -2 - 4. Give h(k).
8
Let s(h) = 21*h - 38. Let i be s(2). Let c(r) = -5*r**3 + 8*r**2 - 11*r + 6. Let y(x) = x**3 + x. Let b(k) = i*y(k) + c(k). Give b(7).
6
Let m = -16 - -12. Let k(v) = v + 3. Let o be k(m). Let b(u) = 19*u + 53. Let a(n) = -18*n - 40. Let r(y) = 4*a(y) + 3*b(y). Calculate r(o).
14
Let s(y) = y**3 + 5*y**2 - 9*y. Let c(h) = -90*h + 11873. Let f be c(132). Give s(f).
-35
Suppose 0 = -16*v - 14 + 46. Let n(a) = 422 - 396 + 3*a**2 - a**2 - a**2 - v*a**2. What is n(0)?
26
Let g(c) be the third derivative of -c**6/120 + 2*c**5/15 + 3*c**4/2 - 8*c**3/3 + c**2 - 2201*c. Calculate g(11).
17
Let i(g) = -g**3 + 2*g**2 - 5*g + 4. Suppose v - 4*v + 6 = 0. Let x be i(v). Let z(k) = -k**2 - 4*k + 6. What is z(x)?
-6
Let a be 5/(-25) + (-76)/20. Let b(i) be the second derivative of i**5/20 + i**4/2 + 2*i**3/3 + i**2/2 - 35*i + 3. Determine b(a).
17
Let l(m) = -100 - 717*m + 96 + 712*m. Calculate l(-6).
26
Let t(h) = -h**2 - 3*h. Let f be t(-6). Let z = -14 - f. Let r(v) = 0 + 8*v**2 - 25*v + 5 - z + 27*v. What is r(-1)?
7
Let a(o) = -o**2 - 2*o + 87. Let b(q) = -q + 14. Let d(u) = -2*a(u) + 14*b(u). Calculate d(3).
10
Let f(t) = -6 + 7*t + 5 - 8*t + 10 + 8. Give f(34).
-17
Let w(k) = 3*k + 9 + 1 + 1 - 12. Suppose 4*f - 3*f - 2*b - 7 = 0, f - 2 = -3*b. Give w(f).
14
Let o(i) = -i**2 + 5*i + 14. Suppose 2*m + f = 1606, 3*m - 3*f + 2412 = 6*m. Let v = m + -794. What is o(v)?
-10
Let h(i) = -2*i**2 + 92*i - 71. Let r be h(45). Let m(b) = 2*b**2 - 37*b - 25. Give m(r).
-6
Let a be 12 + 0 + 2 + 0/((-12)/3). Let x(s) = s**3 - 14*s**2 + 12*s - 17. Calculate x(a).
151
Let d(v) = -5*v**2 + 2*v + 5. Suppose -396*q - 10 = -394*q. Let o(b) = 8*b**2 - 5*b - 9. Let u(t) = q*d(t) - 3*o(t). Calculate u(-2).
-4
Let j = 1143 + -916. Let z(a) = -93*a**2 - 133*a**2 + a + 3 + j*a**2. Give z(2).
9
Let k = 18171 - 18173. Let o(l) = -3*l**3 - 2*l**2 + 2. What is o(k)?
18
Let b(a) be the third derivative of a**4/12 - 11*a**3/3 + 6847*a**2. Determine b(7).
-8
Let t(i) = -i. Suppose -5*r = 4*w - 19, -4*w = -2*w + 4*r - 14. Let b(o) = 8*o - 9. Let p(n) = w*b(n) + 4*t(n). Give p(7).
19
Let r be (0 + (-6)/(-5))*5. Let n(c) be the second derivative of 6*c + c**2 - 1/6*c**3 + 0. Give n(r).
-4
Let n(t) = t**2 + 2*t - 134. Let f be -183 + 165 - (-18 - 0). Calculate n(f).
-134
Let h = 12 + -7. Suppose 0 = h*g - 3*s + 861, -3*g + 0*g + 2*s = 516. Let a be 29/9 + -3 - g/(-54). Let o(m) = m + 2. What is o(a)?
-1
Let k = -18 + 44. Let q = -26 + k. Let j(d) = 278*d**3 + 9 + 284*d**3 - 563*d**3. Determine j(q).
9
Let w(x) = 2*x**2 - 3*x - 3. Let d(i) = -3*i + 168. Let q be d(28). Let l be (-7*36/q)/(0 - 1). What is w(l)?
6
Let w(u) = 3*u**3 + 7*u**2 - 24*u - 10. Let h(r) = -r**3 - 2*r**2 + 8*r + 1. Let p(o) = 7*h(o) + 2*w(o). What is p(4)?
-45
Let o(h) = -4*h**2 + 152*h + 10. Let u be o(38). Let k(x) = -3*x - 35. Give k(u).
-65
Let t be 8 + -4 + (3 - 4). Let r(j) = -20*j - t - j**3 + 6*j**2 + 28*j - 1. Give r(7).
3
Let k(l) = l**2 + 2*l + 3. Suppose 22*h - 20 = 17*h. Let f be -8 - ((6 - 21) + h). Determine k(f).
18
Suppose 0 = -3*a + 8*c - 10*c + 10, 5*a + 20 = 4*c. Let s(g) = -464*g**2 - 2 + g**3 + a + 8*g + 5 + 456*g**2. Calculate s(7).
10
Let x = -938 + 940. Let n(m) = 33*m**3 - 7*m**x - 32*m**3 + 19 - 3*m - 9. What is n(7)?
-11
Suppose -7*s = -8*s + 3. Let m(z) = -z + 42 - 39 + 6*z - z - 7*z. Determine m(s).
-6
Let u(z) be the second derivative of -z**5/60 - z**4/3 + 5*z**3/2 - 58*z**2 - 100*z + 2. Let f(m) be the first derivative of u(m). Give f(-11).
-18
Let d(z) = -38*z + 2 + 0 - 34*z + 77*z. Suppose -4*u = 3*k - 33, u = 6*u - k - 27. Let i(q) = q**3 - 7*q**2 + 5*q + 8. Let l be i(u). What is d(l)?
12
Let w(z) = 123*z + 1589. Let r be w(-13). Let i(o) = -3*o**2 - 30*o + 8. Give i(r).
8
Let t(b) be the first derivative of -4*b**3 + 120*b**2 - 4*b + 1349. Determine t(20).
-4
Let r(h) = -67*h + 245 - 172 + 57*h. Give r(8).
-7
Let u(p) = -72*p - 1873. Let b be u(-26). Let g(y) = 68*y**2 - y - 2. Give g(b).
67
Suppose -7 = 3*y - 31. Let z(x) = 3*x - 6. Let s(f) = -4*f + 5. Let d(v) = 13*v - 15. Let i(m) = 2*d(m) + 7*s(m). Let r(c) = -5*i(c) - 3*z(c). What is r(y)?
1
Let q be ((-1127)/(-115))/((-28)/(-20)). Let h(f) = -8*f + 46. Calculate h(q).
-10
Suppose 79*h + 175 = 1044. Let n(b) = b**2 - 5*b - 11. Determine n(h).
55
Let o(r) = -r**3 - 5*r**2 + 10*r + 26. Let a be o(-6). Let d(s) = -s**3 - s**2 + 5*s + 1. Determine d(a).
-1
Let r(b) = -1. Let x = -250 + 255. Let i(z) = -z**3 - 7*z**2 + 11*z + 16. Let p(u) = x*r(u) + i(u). Determine p(-8).
-13
Suppose 0*k - 2*k = -6. Let u = 1940 + -1938. Let a(w) = 0 - 2 + k + u*w + 8. What is a(-7)?
-5
Suppose 0 = 2*v - 3*s + 209 - 52, -3 = 3*s. Suppose 65 = -5*r - 5*b, 4*b = -r - 25 + 3. Let t be 448/v - (-4)/r. Let k(y) = y**2 + 7*y + 2. Determine k(t).
-4
Let w(y) = -y**2 - y + 4. Suppose -10*x = -3*x - 28. Suppose -4*i + 12 = -3*f, x*i - f = i + 4. Determine w(i).
4
Let m(z) = -3*z**2 + z - 12. Let t(d) = 12*d**2 + 3*d + 5. Let f(g) = 5*